 q(d) = 5*j(d) - 6*s(d). Let t be q(3). Let h(x) = -3*x + 5. Give h(t).
-7
Suppose -4*q = -5*q. Let o(r) be the third derivative of -r**6/120 + r**5/60 + 2*r**3 - 3*r**2. Calculate o(q).
12
Let g be -6*(-3)/6*1. Suppose 0 - 12 = g*q. Let u(m) = -m**2 - 6*m + 1. Give u(q).
9
Suppose -v = -4*v - 3. Let r(j) be the first derivative of j + 0*j**2 + 13 + 0*j**3 + 3/2*j**4. Determine r(v).
-5
Suppose 0 = 24*b - 19*b - 15. Let q(f) = 4 + 4*f - 2*f**2 - 4. What is q(b)?
-6
Let p(b) = 3*b + 22. Let w(o) = 4*o + 21. Let i(g) = 3*p(g) - 2*w(g). Give i(0).
24
Let x be (-4)/(-2) - (-4 + 5). Let l(y) = -3 + 3 + 0*y**3 + 1 + 5*y**3. Calculate l(x).
6
Let f(i) = -i**2 - 1. Let t = 3 + 2. Suppose -g + 9 = 5*j, -t*g - 6 = -j + 1. Give f(j).
-5
Let x be (-1 - 4)*8/(-40). Let p = 1 - x. Let s(u) = -u + 5. Give s(p).
5
Let w(y) = y**3 + 5*y**2 + 4*y. Let i = 6 + 1. Suppose -3*u = 16 - i. What is w(u)?
6
Let x(o) be the second derivative of -o**3/6 - 3*o**2 - 2*o. Let i be x(-7). Let l = -2 + i. Let r(a) = a**3 - 2*a - 1. Calculate r(l).
0
Let l(f) = -f + 1. Suppose a - 9 = -4. Let r be l(a). Let b(t) = -t**2 - 7*t - 3. Determine b(r).
9
Let b = -11 + 6. Let j(t) = 16*t**2 + 14*t + 30. Let l(a) = 3*a**2 + 3*a + 6. Let r(v) = -2*j(v) + 11*l(v). Determine r(b).
6
Let o(j) = 9*j - 27. Let y(f) = -4*f + 13. Let s(m) = -3*o(m) - 7*y(m). What is s(7)?
-3
Let z(p) = 2 - 3 + 2 - 2. Let i(x) = -2*x - 3. Let a(t) = i(t) - 4*z(t). Let f(k) = k + 1. Let m be f(4). What is a(m)?
-9
Let t(i) = i**3 - 3*i**2 - 3*i - 3. Suppose -6*d - 15 = -d. Let n be 18 - (-4)/((-6)/d). Let l be (-6)/(-9) - n/(-6). Determine t(l).
1
Suppose s = -6*s - 28. Let b(w) = -w**3 - 3*w**2 + 11*w - 2. Let u(h) = -2*h + 3*h**2 - 2*h + h**3 + 1 - 6*h. Let i(l) = s*b(l) - 5*u(l). Calculate i(-4).
-5
Let t(b) = -b**3 - 12*b**2 + 12*b - 11. Let p be t(-13). Let f(n) = 2*n**2. Determine f(p).
8
Let h(f) = 16 + f - 21 + 0*f. Calculate h(6).
1
Let x(n) = -n**2 + n + 25. Let y be x(0). Suppose 2 = r - 4*q, 4*r - y - 3 = -4*q. Let z(t) = t**2 - 6*t - 6. Calculate z(r).
-6
Let k = -4 - 5. Let d = k - -13. Let h(u) = -u**3 + 3*u**2 + 5*u - 1. Give h(d).
3
Let j(x) = 20*x - 1 + 2 + 6 - 18*x. Calculate j(-4).
-1
Let s(u) = 3*u**3 + 3*u**2 + 2*u + 6. Let h(q) be the third derivative of q**6/120 - q**5/60 - 2*q**2. Let k(r) = -2*h(r) + s(r). What is k(-5)?
-4
Suppose 5*i = 2*v - 7*v, v + 2*i = -3. Let x(y) = -7*y + 2*y - 2*y - 3 - v*y**2 - 2*y**3 + 5*y. Give x(-2).
5
Let x(k) be the second derivative of k**4/12 - 7*k**3/6 - k**2 - 14*k. Determine x(7).
-2
Let t(h) = 3*h + 3. Let o(k) = -16*k - 14. Let d(m) = -2*o(m) - 11*t(m). Let u be (-9)/(-6)*4/3. Suppose -5*l = -3*q + u - 7, -5*q - 19 = -3*l. Determine d(q).
0
Let m(h) = 1 - 2 - 2 - 2*h. Let o be m(-3). Let g(r) = 2 - 4 + r**3 - 2*r**3 - o*r**2 + 3. Determine g(-2).
-3
Let j be (4 - 3) + 6/3. Let f(h) be the third derivative of -h**6/120 + h**5/15 - h**4/6 - h**3/6 + 2*h**2. Calculate f(j).
-4
Let j(c) be the first derivative of -c**4/24 + c**3/3 - c**2/2 + 1. Let q(t) be the second derivative of j(t). Let f = -21 - -24. Determine q(f).
-1
Let d be (-15)/9*(-1 + -2). Suppose -d*g = -g + 5*u + 2, 0 = -5*g + u + 12. Let b(f) = -1 + 2*f + 2*f**3 + 2*f**g - f**2 - 2*f**2. Calculate b(1).
2
Let c(i) = i**2 + 3*i - 7. Let j(n) = n**2 + 3*n - 6. Let u(p) = -2*c(p) + 3*j(p). Give u(-5).
6
Let n(j) = j**2 - 3*j. Let p(m) = -5*m**3 - m**2 - 6*m - 4. Let g be p(-1). Determine n(g).
18
Suppose 2*l - 3 = 1. Let u(q) be the first derivative of -l - 1/2*q**2 - q. Determine u(-4).
3
Let v(n) = -2*n + 5. Suppose 0*c + 4*c = 60. Suppose b + 2*b = c. Give v(b).
-5
Suppose -6 - 14 = 4*k. Let z(v) = 5*v - 1. Let d(r) = -1. Let f(u) = k*d(u) - z(u). Let a(x) = -x + 1. Let o(m) = 6*a(m) - f(m). What is o(-4)?
4
Let x(z) = -7 + 16 + 2*z + 0*z. Suppose 5*o = -26 - 4. What is x(o)?
-3
Suppose -3*m - 3 + 6 = 0. Let u(q) = 10*q**3 + 2*q**2 - 2*q + 1. What is u(m)?
11
Let d(a) = -a**2 - a + 9. Suppose -t = 1 - 5. Let g(s) = s - t + 0*s + 2. Let p be g(2). Determine d(p).
9
Let i be (-6)/(-2)*14/21. Let v(y) = y**2 - y + 1. What is v(i)?
3
Let x(q) = q**2 - 3*q - 4. Let z(c) = -c**2 + 4*c + 3. Let p(o) = -4*x(o) - 5*z(o). Determine p(8).
1
Suppose 0 = 5*g - 10*g + a + 24, g - 5*a = 0. Let y(s) = -1 - 5*s + s + g*s. What is y(6)?
5
Let o be (-12)/18 + 2/3. Let c(l) = -l + 4. Give c(o).
4
Suppose -4*t = -2*t + 30. Let g be ((-25)/t)/(1/(-3)). Let x(i) = -2*i - 5. Calculate x(g).
5
Let s(d) = 2*d**3 + 3*d**2 + 2*d + 2. Let k(r) = 4*r - 62. Let p be k(14). Suppose 5*q - 13 = v, -v - q - 9 = -2. Let i = v - p. What is s(i)?
-6
Suppose 2*a = -0*a + 2, 2*q = -3*a + 5. Let b(p) be the second derivative of 0 + 0*p**3 + 1/6*p**4 - 7*p + 0*p**2. Determine b(q).
2
Suppose 0 = 2*r + r + 18. Let w(y) = 0 + 3 - 2. Let a(d) = 2*d + 6. Let z(q) = r*w(q) + a(q). Calculate z(-2).
-4
Let f(p) be the second derivative of -p**2 + 1/12*p**4 + 0 - 7*p - 2/3*p**3. Let b = -2 - -7. What is f(b)?
3
Let a(t) = -2*t + 3. Let l be (6 + -15)*2/(-6). What is a(l)?
-3
Let h(q) be the first derivative of -2 + 1/3*q**3 - 2*q**2 + 6*q. Calculate h(4).
6
Suppose r - 8 = -3*f + 2*r, 3*r = 5*f - 16. Suppose -f*x - x = -9. Let p(m) = m. What is p(x)?
3
Let s = 11 + -8. Let y(k) be the first derivative of 0*k**2 - 9*k + 2 + 1/3*k**s. Give y(0).
-9
Let i(p) = -4 + 0 + p - 2 + 1. What is i(0)?
-5
Let g(o) be the first derivative of 1/2*o**2 + 1/4*o**4 + 5/3*o**3 - 2*o + 3. Calculate g(-5).
-7
Let v(d) = 3*d**3 - 1. Let m(h) = -2*h**3 - 14*h**2 - 12*h + 1. Let i be m(-6). Give v(i).
2
Let t(x) = 4*x**2 - x. Let k be (2 - 5) + (-12)/(-3). Give t(k).
3
Let o(v) be the second derivative of v**5/20 - v**4/6 + v**2/2 - 18*v. Calculate o(2).
1
Let k(a) be the third derivative of 0 - 2/3*a**3 + 7/24*a**4 - 1/60*a**5 + 0*a + a**2. Suppose -2*q = 3*b - 19, q = -4*q - 2*b + 31. What is k(q)?
6
Let q(l) = 3*l**3 - l**2 - 2. Suppose 4 = y + 1. Let j(x) = 2*x**2 - 5 + 3*x - 2*x + 8*x**y - 5*x**2. Let i(u) = 4*j(u) - 11*q(u). Calculate i(-3).
8
Suppose 2*w + 11 = w. Let h = w + 21. Let j be (6/5)/(3/h). Let l(u) = -u**3 + 5*u**2 - 5*u + 4. What is l(j)?
0
Let c(q) be the second derivative of q**3/6 + 3*q**2/2 + 10*q. What is c(3)?
6
Let h(p) = 12*p**2 + 10*p - 13*p**2 - 9*p + 2. What is h(-2)?
-4
Let m(r) be the first derivative of r**4 - r**3/3 + r**2/2 - r + 2. Calculate m(1).
3
Suppose -2*p - 1 = -5. Suppose z = 4*z - 3. Let g = p + z. Let y(c) = -c**2 + 4*c - 1. What is y(g)?
2
Let v(q) be the second derivative of q**5/10 - q**4/12 - q**3/2 + q**2 - 37*q. Give v(2).
8
Let d = 3 - 2. Let q = d - -4. Let i(m) = -m - 6 - q*m**2 - m**3 - 4*m + 4. What is i(-4)?
2
Suppose s + 8 = -2*a, -5*s + 2*a - 4 = -0*a. Let b(i) = -3*i - 2 - 7*i**2 - 7*i**2 + 19*i**2 - 3*i**2. Calculate b(s).
12
Let f(t) = t**3 - t**2 + t. Let n be (6 - -2)/(-2) + 5. What is f(n)?
1
Let w(g) = -11*g + 1. Suppose 0 = 11*a - 2 + 13. Give w(a).
12
Let m(d) = 0*d**3 - d**3 - d - 2*d**2 + 0*d. Let z be (-2)/(-11) + (-72)/33. Give m(z).
2
Let y = 8 - 13. Let v be (-4)/10 + (-2)/y. Let u(d) = d + 6*d - d**2 - 6*d + 2. Calculate u(v).
2
Let h(c) = -302 - c + 149 + 149. Calculate h(6).
-10
Let h(p) = -2*p - 29. Let t be h(-13). Let d(c) = -2 + c + 0 + 0*c. Let y be d(t). Let r(n) = -n**2 - 5*n - 6. Calculate r(y).
-6
Let g(l) = 4*l**3 + 7*l**2 - 11*l - 1. Let x(r) = r**3 - r + 1. Let f(h) = g(h) - 5*x(h). Calculate f(6).
-6
Let v be (-10)/6 - -1 - (-2)/3. Let b(q) = q**2 - 5. What is b(v)?
-5
Let c(i) = 2*i**2 + i - 15. Let t be c(3). Let g(v) = -v + 9. Determine g(t).
3
Let g be 1 + 3 + -7 + 4. Let o(s) = 15*s**3 + s**2 - s. What is o(g)?
15
Let i = -6 + 5. Let w(z) = z**3 + 2*z**2 + 2*z + 1. Give w(i).
0
Let d(f) = f**2 + 7*f + 7. Let z = -18 + 12. What is d(z)?
1
Let m = -51 - -55. Let z(f) = -3*f + 4. Give z(m).
-8
Suppose 4*y = -5*d - 3, 4*d + 0 = 2*y + 8. Let r(s) = d + 2*s + 2*s**2 + s**3 - 5*s + 0*s. Suppose -k - 5*w = 23, -3*k + 2*k + 17 = -5*w. Give r(k).
1
Let y(k) = k**2 + k - 10. Let w(p) = -p**2 - p + 11. Let h(q) = -3*w(q) - 4*y(q). Suppose l = -2*a + 2 - 8, a + 21 = 4*l. Suppose 0 = l*g - 2*g. Give h(g).
7
Let m(b) = -b + 2. Let c be (1 - 2)*(-24)/(-4). Calculate m(c).
8
Let k(f) = -f + 9. Let i be k(6). Let w(v) = v - 4*v + 4 - i*v + 4*v - v**2. Determine w(-5).
-11
Le